igit of 42330763?
3
What is the units digit of 464487688?
8
What is the ten thousands digit of 665771770?
7
What is the hundred millions digit of 1262586969?
2
What is the ten thousands digit of 51996655?
9
What is the tens digit of 39093033?
3
What is the ten thousands digit of 324581423?
8
What is the hundreds digit of 79586759?
7
What is the thousands digit of 320909132?
9
What is the hundreds digit of 21084372?
3
What is the millions digit of 72735831?
2
What is the ten thousands digit of 9284317751?
1
What is the thousands digit of 2478171533?
1
What is the units digit of 11492753?
3
What is the millions digit of 630475563?
0
What is the ten thousands digit of 50423253?
2
What is the units digit of 2046442?
2
What is the ten millions digit of 24602814?
2
What is the ten millions digit of 19165306?
1
What is the units digit of 412765996?
6
What is the thousands digit of 138187151?
7
What is the thousands digit of 95665915?
5
What is the thousands digit of 381428178?
8
What is the ten thousands digit of 447164344?
6
What is the thousands digit of 1202343366?
3
What is the hundred thousands digit of 227454338?
4
What is the hundred millions digit of 1584020279?
5
What is the millions digit of 546651824?
6
What is the units digit of 29821521?
1
What is the millions digit of 24335836?
4
What is the hundreds digit of 683427?
4
What is the tens digit of 86569580?
8
What is the hundred thousands digit of 288903407?
9
What is the hundreds digit of 1989157954?
9
What is the tens digit of 178441608?
0
What is the hundred millions digit of 1711298437?
7
What is the hundreds digit of 231457452?
4
What is the ten thousands digit of 3737569?
3
What is the ten millions digit of 27922566?
2
What is the thousands digit of 553453054?
3
What is the hundreds digit of 71846580?
5
What is the ten thousands digit of 214520727?
2
What is the hundreds digit of 198914450?
4
What is the units digit of 1561544281?
1
What is the millions digit of 2147859920?
7
What is the hundred thousands digit of 99691932?
6
What is the ten thousands digit of 2962464546?
6
What is the tens digit of 1022010496?
9
What is the tens digit of 6696238?
3
What is the billions digit of 1370713160?
1
What is the ten thousands digit of 22087629?
8
What is the ten thousands digit of 39838047?
3
What is the hundred thousands digit of 1887664316?
6
What is the millions digit of 1385548086?
5
What is the hundreds digit of 994705917?
9
What is the millions digit of 1055479136?
5
What is the tens digit of 1090660198?
9
What is the millions digit of 1253759271?
3
What is the millions digit of 461307379?
1
What is the ten millions digit of 3891610134?
9
What is the thousands digit of 1629277606?
7
What is the tens digit of 61624317?
1
What is the tens digit of 571102740?
4
What is the thousands digit of 360153670?
3
What is the ten thousands digit of 6062894216?
9
What is the millions digit of 44558854?
4
What is the hundred millions digit of 468057962?
4
What is the tens digit of 263766093?
9
What is the hundred millions digit of 151437685?
1
What is the ten millions digit of 99644622?
9
What is the millions digit of 20381792?
0
What is the hundred thousands digit of 1065252874?
2
What is the units digit of 18034597?
7
What is the hundred thousands digit of 67397041?
3
What is the ten millions digit of 156462747?
5
What is the thousands digit of 461232849?
2
What is the hundreds digit of 196904135?
1
What is the thousands digit of 4154117915?
7
What is the thousands digit of 1297393300?
3
What is the ten thousands digit of 23054795?
5
What is the tens digit of 669274202?
0
What is the hundred millions digit of 165460669?
1
What is the millions digit of 59715716?
9
What is the ten millions digit of 75569999?
7
What is the ten millions digit of 56576978?
5
What is the thousands digit of 2418659585?
9
What is the ten thousands digit of 13136899?
3
What is the hundred millions digit of 412643971?
4
What is the hundreds digit of 102503764?
7
What is the thousands digit of 2990263612?
3
What is the hundred millions digit of 3866242998?
8
What is the ten thousands digit of 488682204?
8
What is the ten thousands digit of 141036938?
3
What is the hundred millions digit of 326331321?
3
What is the millions digit of 1372978387?
2
What is the hundred thousands digit of 10706422?
7
What is the ten thousands digit of 2219348126?
4
What is the millions digit of 424358877?
4
What is the ten millions digit of 335617119?
3
What is the ten millions digit of 54718218?
5
What is the hundreds digit of 61045684?
6
What is the units digit of 186272104?
4
What is the thousands digit of 895658178?
8
What is the units digit of 240104029?
9
What is the thousands digit of 402969580?
9
What is the thousands digit of 78243954?
3
What is the ten millions digit of 35457879?
3
What is the tens digit of 3914690730?
3
What is the units digit of 58980715?
5
What is the ten thousands digit of 47823589?
2
What is the hundred thousands digit of 68878770?
8
What is the ten millions digit of 13488759?
1
What is the hundred millions digit of 3880893554?
8
What is the ten millions digit of 11974909?
1
What is the billions digit of 3870333715?
3
What is the hundred millions digit of 4421239017?
4
What is the units digit of 242456889?
9
What is the ten millions digit of 149223850?
4
What is the millions digit of 1182990927?
2
What is the units digit of 2599579401?
1
What is the hundreds digit of 757591728?
7
What is the units digit of 643451811?
1
What is the tens digit of 98307377?
7
What is the thousands digit of 72153749?
3
What is the hundred thousands digit of 269302702?
3
What is the hundred millions digit of 1389413471?
3
What is the millions digit of 76064280?
6
What is the hundreds digit of 1368232174?
1
What is the ten millions digit of 575963348?
7
What is the ten millions digit of 422778104?
2
What is the hundred thousands digit of 62419864?
4
What is the ten thousands digit of 152497866?
9
What is the hundred millions digit of 427654778?
4
What is the hundred thousands digit of 3792966?
7
What is the hundred thousands digit of 1882981336?
9
What is the hundreds digit of 89214324?
3
What is the hundreds digit of 3069083185?
1
What is the units digit of 48624999?
9
What is the ten thousands digit of 833602575?
0
What is the ten millions digit of 8528463336?
2
What is the hundreds digit of 4131070961?
9
What is the millions digit of 171255553?
1
What is the ten thousands digit of 2140788303?
8
What is the hundreds digit of 25413684?
6
What is the ten thousands digit of 49586071?
8
What is the hundred millions digit of 2808355619?
8
What is the tens digit of 7600426582?
8
What is the tens digit of 271791540?
4
What is the hundred thousands digit of 205959180?
9
What is the ten thousands digit of 104931516?
3
What is the hundred thousands digit of 26660074?
6
What is the tens digit of 50706898?
9
What is the thousands digit of 1364417596?
7
What is the ten thousands digit of 73991961?
9
What is the billions digit of 7406246489?
7
What is the ten millions digit of 760233066?
6
What is the tens digit of 390857923?
2
What is the millions digit of 535468671?
5
What is the ten thousands digit of 383900036?
0
What is the hundred thousands digit of 38878725?
8
What is the units digit of 1348508916?
6
What is the hundred millions digit of 2605231818?
6
What is the tens digit of 37813762?
6
What is the units digit of 11354848?
8
What is the thousands digit of 240978932?
8
What is the hundred thousands digit of 436268536?
2
What is the hundreds digit of 137972126?
1
What is the tens digit of 422344955?
5
What is the ten millions digit of 18320762?
1
What is the millions digit of 115517069?
5
What is the units digit of 19615231?
1
What is the hundreds digit of 52812598?
5
What is the ten thousands digit of 232740634?
4
What is the ten thousands digit of 923730820?
3
What is the ten thousands digit of 2016809954?
0
What is the hundred thousands digit of 98755719?
7
What is the hundreds digit of 97155355?
3
What is the hundred thousands digit of 45399384?
3
What is the millions digit of 333511229?
3
What is the hundred millions digit of 589391382?
5
What is the hundred thousands digit of 479924003?
9
What is the units digit of 51979367?
7
What 